e the remainder when n is divided by 4.
2
Let i(y) be the first derivative of 4*y**3/3 + y**2/2 - 2*y - 6. What is the remainder when i(-3) is divided by 8?
7
Suppose 0 = 4*k - 3*m - 63 - 232, 5*m = -3*k + 243. Calculate the remainder when k is divided by 27.
22
Let n = 87 + -28. Calculate the remainder when n is divided by 20.
19
Suppose 16 = 4*b, -b = 3*r - 60 + 152. Calculate the remainder when (44/(-3) - -1)*-3 is divided by r/(-12)*63/12.
13
Suppose -5*w - 3*l + 149 = 0, -4*w + 7*w - 3*l - 99 = 0. What is the remainder when w is divided by 16?
15
Let x be ((-2)/(-4))/(3/18). Let p = x + 0. Calculate the remainder when 52/9 - (-4)/18 is divided by p.
0
Suppose 3*i - 86 = 8*i - 2*k, -5*i - 4*k = 68. Let u be i/(-10) + 3/(-5). What is the remainder when 1 + u*-2 + 5 is divided by 2?
0
Suppose -3*v + 4*v - 4 = 0. Suppose v = f - 13. Calculate the remainder when 33 is divided by f.
16
Suppose -3*j - 97 = 83. What is the remainder when 2/(-8) - 855/j is divided by 4?
2
Let n(j) = -j**3 - 1. Let a(o) = -4*o**3 - 3*o**2 + 2*o - 4. Let f(b) = a(b) - 5*n(b). Calculate the remainder when f(4) is divided by 156/(-72)*(0 - 6).
12
Let u(n) = 6*n**2 + n. Let c(d) = d**2 - 5*d - 5. What is the remainder when u(2) is divided by c(7)?
8
Let f(y) = y + 31*y**2 - y + y - 30*y**2 + 4. What is the remainder when f(6) is divided by 16?
14
Let g(j) = -j**3 + 3*j**2 + 2*j - 4. Let y be g(3). Suppose p = -3*r + 7*r - 16, -2*p = 2*r + y. What is the remainder when (4/6)/((-1)/(-12)) is divided by r?
2
Let q be (1 + 1 + 0)*-1. Let b(c) = c**3 + 5*c**2 - 9*c - 1. What is the remainder when ((-20)/30)/(q/96) is divided by b(-6)?
15
Suppose 2*q + q + 330 = 3*l, 0 = -5*q + 5. What is the remainder when l is divided by 29?
24
Suppose 3*l + c = -2*l + 160, -4*c = l - 13. Calculate the remainder when l is divided by 22.
11
Suppose -48 = 10*i - 14*i. What is the remainder when 21 is divided by i?
9
Suppose 33 + 551 = 4*i. Suppose -i = -5*z + v + v, 2*z - 62 = -v. Let p = z - -1. Calculate the remainder when p is divided by 11.
9
Let g(w) = w**3 + 5*w**2 - 2. Let y(s) = s**2 - 6*s + 6. Let a be y(4). Let v be a/(-7) + (-48)/21. What is the remainder when 19 is divided by g(v)?
9
Let d(z) = -z**3 + 8*z**2 - 8*z + 7. Let j be d(7). Suppose j = -g + 8. What is the remainder when g is divided by 5?
3
Suppose 2*t - 6 = -t, -3*t + 21 = b. What is the remainder when b is divided by 8?
7
Let p(h) = -h - 3. What is the remainder when p(-10) is divided by 3?
1
Let v = -12 - -23. What is the remainder when 19 is divided by v?
8
Suppose 5*c - g = 475, -66 + 256 = 2*c + g. Suppose 0 = -2*v - 3*v + c. Suppose -3*y + 5*j + v - 7 = 0, 0 = -5*j. What is the remainder when 10 is divided by y?
2
Let w = -7 + 9. Let j be (-3)/(-9) - 11/(-3). Suppose 0 = s - 2*s + 4, w*z - j*s = 78. What is the remainder when z is divided by 16?
15
What is the remainder when 1/(-2) + (-154)/(-4) is divided by 13?
12
Suppose 13 - 228 = -5*r. Calculate the remainder when 85 is divided by r.
42
What is the remainder when 25 is divided by 138/9 + -2 + 16/24?
11
Let j = 55 + -42. Calculate the remainder when 48 is divided by j.
9
Let s = 59 + -32. Calculate the remainder when s is divided by 6.
3
Let q(u) = 2*u**3 + 2*u - 1. Let p be q(-2). Let t = -1 - p. Calculate the remainder when 78 is divided by t.
18
Suppose 0*z - 3*z + 18 = 0. Calculate the remainder when 15 is divided by z.
3
Let j(q) = 4 + 3*q - 9*q + q**2 + 3. What is the remainder when (26/(-8))/((-1)/4) is divided by j(6)?
6
What is the remainder when ((-29)/2)/(2/(-4)) is divided by 8?
5
Suppose -6 = -4*w - 2. What is the remainder when 2 is divided by w?
0
Let o(u) = -u**3 + 9*u**2 + 9*u + 32. Calculate the remainder when 109 is divided by o(10).
21
Let l(y) = -y**3 + 5*y**2 + 4*y - 5. Suppose 3*k + 13 = 142. Calculate the remainder when k is divided by l(5).
13
Suppose f - 14 = 3*q, 0 = -2*f - 2*q + 27 + 17. Calculate the remainder when f is divided by (-114)/(-10) + 4/(-10).
9
Let w(g) = g**2 + 3*g. Let b be w(-5). Calculate the remainder when 47 is divided by (-6)/(-15) - (-236)/b.
23
Suppose -2 = x - 4. What is the remainder when 2 is divided by x?
0
Let i = 30 + -15. Let n be 2/(-6) + (-1)/(-3). Let l(j) = -j**3 + 9. Calculate the remainder when i is divided by l(n).
6
Let n(c) = -2*c**3 - 2*c**2 + 3*c + 3. Let s = 20 + -6. What is the remainder when -3*3/(-9)*s is divided by n(-2)?
4
Suppose 3*w + 5*l = w + 98, w + 4*l - 46 = 0. Calculate the remainder when w is divided by 11.
10
Calculate the remainder when -52*(14/(-4))/7 is divided by 7.
5
Calculate the remainder when (140/(-15))/((-2)/3) is divided by 3.
2
Suppose -4*l + 80 + 80 = 0. Suppose -5*j - 3 = -2*j, 3*o - 4*j = l. What is the remainder when 21 is divided by o?
9
Suppose -343 = -5*c - 48. Suppose z - 4 = 46. Let t = -30 + z. What is the remainder when c is divided by t?
19
Let f be 2*-1 + 4 + 6. Let h(d) = -d + 12. What is the remainder when 14 is divided by h(f)?
2
Suppose 5*v = 7*v - 50. Let o = -11 - -20. What is the remainder when v is divided by o?
7
Suppose 5*u + 1 = 5*w + 21, u - 5*w - 4 = 0. Suppose -u*p + 20 = -2*p. Calculate the remainder when (76/(-16))/((-2)/16) is divided by p.
8
Suppose -5*x - 26 = -3*v, -v + 24 = v - 5*x. Suppose 0 = v*r - 10 - 0. What is the remainder when r is divided by 3?
2
Suppose -f + 207 = 5*t, -204 = t - 6*t - 2*f. What is the remainder when t is divided by 11?
9
Let z be -1*((-2 - -3) + 3). Let s be (-42)/(-4)*(-8)/(-6). Let n = s + z. Calculate the remainder when 28 is divided by n.
8
Let a = 0 - -1. Let y = a - 1. Suppose h - 2*h + 15 = y. What is the remainder when 43 is divided by h?
13
Let z(y) = -y**3 - 5*y**2 - y + 1. Let q be z(-5). Suppose 7 = -3*k + 31. Calculate the remainder when (1/(-2))/(q/(-180)) is divided by k.
7
Let y(f) = 6*f**2 + 2. Calculate the remainder when 26 is divided by y(1).
2
Let t(g) = 5*g. Let h be 29/1 - (0 - -1). Let r = -12 + h. Calculate the remainder when t(6) is divided by r.
14
Suppose -v + 3*n - 26 = -65, v - 29 = -2*n. What is the remainder when v is divided by 12?
9
Let p(j) = -j**2 - 2*j + 4. Let z be p(-4). What is the remainder when ((-1)/3)/(z/804) is divided by 23?
21
Suppose 2 = 2*i, -4*o + 2*i - 104 = -18. Calculate the remainder when (-121)/(-7) - (-6)/o is divided by (1 + 0)*(4 + 2).
5
Suppose -b + 17 = -3. Let l(i) = i**3 - 5*i**2 + 6*i - 1. Calculate the remainder when b is divided by l(4).
6
Suppose 5*m - 352 = -52. Calculate the remainder when m is divided by 21.
18
Let k(h) = h**3 + 9*h**2 + 1. What is the remainder when k(-8) is divided by 14?
9
Let u = 55 - 31. Calculate the remainder when 71 is divided by u.
23
Let g = 0 + -7. Suppose -3*h + 4*k = 39, 0 = -5*h + 2*k + 3*k - 65. Let s = g - h. Calculate the remainder when 16 is divided by s.
4
Let j = 48 - 30. What is the remainder when j is divided by 10?
8
Suppose -33 = -5*u + 87. Calculate the remainder when u is divided by 13.
11
Let f = 163 + -156. Calculate the remainder when 27 is divided by f.
6
Let v(u) = 6*u - u + 2*u**2 - 4*u + 2. Let h be v(-4). Suppose -5*d + 0*d + h = 0. Calculate the remainder when 16 is divided by d.
4
Let o be -6*(5/2 - 3). Suppose o*d + 14 = 5*d. Calculate the remainder when d is divided by 6/(-5)*(-30)/9.
3
Suppose 3*t + r - 49 = 3*r, -5*t + 81 = -4*r. Calculate the remainder when 47 is divided by t.
13
Suppose 0 = -c - 2*q + 5*q + 2, 0 = 4*c - 3*q - 35. What is the remainder when c is divided by 6?
5
Let p(d) = d + 6. Let c be p(-3). Suppose 3*o + 2*o = n + 116, o = -2*n + 21. Suppose 91 = c*k - o. What is the remainder when k is divided by 13?
12
Let l be ((-1)/1)/(1/3). Let t = l - -7. Suppose -4 = -t*o + 4. Calculate the remainder when 5 is divided by o.
1
What is the remainder when 56 is divided by (-346)/(-18) - (-12)/(-54)?
18
Let r be -4 + 1 + 4 - -5. Suppose -r*o + 135 = -o. What is the remainder when 79 is divided by o?
25
Suppose 0*c + 14 = 4*y - c, 2*y + 5*c = 18. Suppose y*w - 12 = 2*w. Calculate the remainder when w is divided by 4.
2
Let y(o) = -36*o + 1. Let i(h) = -143*h + 5. Let a(l) = 2*i(l) - 9*y(l). What is the remainder when 153 is divided by a(1)?
36
Suppose d = 4*o - 9, -7*d + 15 = -2*d. Suppose -3*g + o*q = -10 - 8, -3*g = -q - 28. Calculate the remainder when g is divided